s 3 a factor of 13548665?
False
Does 10 divide 188459384?
False
Is 1468 a factor of 25843515?
False
Is 26 a factor of 1178120421?
False
Is 84 a factor of 5076876?
True
Is 2472318149 a multiple of 7?
True
Is 21013934 a multiple of 320?
False
Is 18939165 a multiple of 66?
False
Is 291 a factor of 69099650?
False
Does 3148 divide 1693488636?
True
Is 65581093 a multiple of 3?
False
Is 107039141 a multiple of 2194?
False
Does 3141 divide 537346575?
True
Does 161 divide 241478426?
True
Is 48 a factor of 32182754?
False
Is 3602745881 a multiple of 3016?
False
Does 119 divide 18188185?
False
Is 49559904 a multiple of 684?
True
Is 1602 a factor of 17847882?
True
Is 2697581 a multiple of 62?
False
Does 24 divide 31718064?
True
Is 179 a factor of 737739013?
True
Is 74164408 a multiple of 301?
False
Is 17 a factor of 15429508?
False
Is 77422646 a multiple of 322?
True
Is 7409 a factor of 2659558605?
False
Is 1473606148 a multiple of 786?
False
Does 73 divide 110478419?
True
Does 144 divide 88951680?
True
Is 555500000 a multiple of 1375?
True
Is 2844644715 a multiple of 15?
True
Does 522 divide 918386964?
True
Does 230 divide 47453947?
False
Is 951793544 a multiple of 76?
False
Does 547 divide 424927651?
True
Does 305 divide 3063001845?
True
Does 12 divide 1576006188?
True
Is 1281822423 a multiple of 4128?
False
Is 361328700 a multiple of 38?
True
Is 4634 a factor of 2250574808?
False
Does 3 divide 441397090?
False
Does 191 divide 12102142?
True
Is 366055381 a multiple of 3529?
False
Is 324 a factor of 6503673?
False
Is 77 a factor of 7248318?
True
Is 226859130 a multiple of 154?
False
Does 14 divide 48566068?
False
Does 107 divide 91592708?
False
Is 17 a factor of 39467846?
True
Is 30 a factor of 27558170?
False
Is 653 a factor of 62731649?
False
Is 74350179 a multiple of 13?
False
Does 1295 divide 582756251?
False
Does 1114 divide 84486878?
False
Is 15 a factor of 18709245?
True
Is 1518 a factor of 253191938?
False
Is 815731156 a multiple of 6364?
True
Is 341 a factor of 83192406?
True
Is 166 a factor of 665653481?
False
Does 142 divide 13198048?
True
Is 264559859 a multiple of 26?
False
Does 4032 divide 24583104?
True
Does 72 divide 17251609?
False
Does 15 divide 209256276?
False
Is 69 a factor of 37826904?
True
Is 400881 a multiple of 57?
True
Does 68 divide 9861360?
True
Is 37562536 a multiple of 44?
True
Does 3 divide 50069942?
False
Is 67699260 a multiple of 4245?
True
Is 1989 a factor of 650344548?
False
Is 15964180 a multiple of 172?
True
Is 4 a factor of 63012062?
False
Does 8775 divide 2421829800?
True
Does 630 divide 112323193?
False
Is 2308936201 a multiple of 1620?
False
Is 8619030 a multiple of 35?
True
Is 34203592 a multiple of 2?
True
Is 27 a factor of 117381123?
True
Is 3 a factor of 17298364?
False
Is 108676224 a multiple of 72?
True
Does 4 divide 49712599?
False
Is 204 a factor of 467810077?
False
Is 405417640 a multiple of 20?
True
Is 183 a factor of 1747182523?
False
Does 24 divide 185659129?
False
Is 123 a factor of 1678212?
True
Is 10 a factor of 54488347?
False
Does 18 divide 31707984?
False
Is 760880496 a multiple of 3394?
True
Does 1728 divide 34464613?
False
Is 31739076 a multiple of 300?
False
Is 787 a factor of 422323088?
True
Is 76 a factor of 4931278012?
True
Is 119 a factor of 3380671?
True
Is 396373963 a multiple of 3?
False
Is 52 a factor of 367332149?
False
Does 217 divide 61314429?
False
Does 9 divide 1560983040?
True
Is 368 a factor of 121577926?
False
Does 116 divide 33456528?
False
Is 82193150 a multiple of 650?
True
Is 14 a factor of 332761842?
True
Does 121 divide 1361936711?
False
Is 846412672 a multiple of 1568?
True
Does 284 divide 2245570553?
False
Does 6250 divide 1729418750?
True
Does 28 divide 82897664?
False
Is 7 a factor of 1312296?
False
Is 10856539 a multiple of 157?
False
Does 1356 divide 119851096?
False
Is 61 a factor of 1189710999?
True
Is 5257839 even?
False
Does 1636 divide 528244363?
False
Is 5226424 a multiple of 50?
False
Is 56112667 a multiple of 11?
False
Is 278080730 a multiple of 355?
True
Is 28227056 a multiple of 1606?
True
Is 1088 a factor of 280488576?
True
Is 92922610 a multiple of 10?
True
Is 45829872 a multiple of 24?
True
Is 578717504 a multiple of 64?
True
Is 202 a factor of 210977082?
True
Does 52 divide 49178116?
True
Is 168917301 a multiple of 6858?
False
Is 32087580 a multiple of 1368?
False
Does 12 divide 538316304?
True
Does 15 divide 5328006593?
False
Is 28199020 a multiple of 34?
False
Is 4464 a factor of 1589558130?
False
Is 6420128 a multiple of 1342?
True
Is 18641695 a multiple of 635?
True
Does 14 divide 27588050?
True
Is 54 a factor of 326789848?
False
Is 30434775 a multiple of 75?
True
Is 13923903 a multiple of 6?
False
Is 36238879 a multiple of 83?
True
Does 54 divide 918592326?
True
Does 7 divide 55061909?
True
Does 357 divide 248840457?
False
Is 838259 even?
False
Does 3914 divide 440238892?
True
Is 783652432 a multiple of 882?
False
Is 96044124 a multiple of 564?
True
Is 3495767 even?
False
Is 130 a factor of 895750310?
True
Is 109 a factor of 45036293?
True
Is 112539606 a multiple of 59?
False
Does 3 divide 5597403?
True
Does 5 divide 116908680?
True
Is 33713940 a multiple of 22?
False
Is 286 a factor of 108132393?
False
Is 7 a factor of 46232158?
True
Does 33 divide 154781183?
False
Is 8203872 a multiple of 194?
True
Does 3 divide 368500554?
True
Is 40 a factor of 318260760?
True
Does 80 divide 2526162054?
False
Is 85 a factor of 221039924?
False
Does 8 divide 592708082?
False
Is 343 a factor of 59063048?
False
Is 19 a factor of 6302680?
True
Is 1078185288 a multiple of 88?
False
Is 237675542 a multiple of 2024?
False
Does 67 divide 4252554491?
False
Is 38 a factor of 2411749?
False
Is 58 a factor of 969947448?
False
Is 4990 a factor of 250456445?
False
Is 775940835 a multiple of 895?
True
Is 807 a factor of 1780423237?
False
Does 25 divide 94879375?
True
Does 50 divide 12959249?
False
Does 28 divide 93453713?
False
Is 741 a factor of 211147209?
True
Does 18 divide 93747300?
False
Is 1875 a factor of 667293750?
True
Does 2161 divide 1731411353?
False
Is 33 a factor of 5104041?
False
Does 1280 divide 18564816?
False
Is 571 a factor of 441682755?
False
Is 443847159 a multiple of 15?
False
Does 10 divide 4791070810?
True
Is 87790054 a multiple of 5?
False
Does 36 divide 6198847776?
True
Is 3275568 a multiple of 19?
False
Is 544 a factor of 26606207?
False
Is 4 a factor of 24661984?
True
Does 78 divide 3691747?
False
Is 52 a factor of 898998399?
False
Is 27948356 a multiple of 398?
True
Does 146 divide 82612640?
True
Is 195 a factor of 983923709?
False
Does 275 divide 417733214?
False
Is 23 a factor of 10743391?
False
Is 272014441 a multiple of 420?
False
Is 14 a factor of 1103224936?
False
Is 206536808 a multiple of 26?
False
Does 28 divide 40322732?
False
Is 8 a factor of 14000724?
False
Is 2124 a factor of 14808281?
False
Is 30233364 a multiple of 3528?
False
Is 2550 a factor of 676362000?
True
Does 63 divide 1576768065?
False
Does 16 divide 4023893839?
False
Is 8 a factor of 13138442?
False
Is 13 a factor of 2979000960?
True
Does 553 divide 979561133?
False
Is 4428 a factor of 459482612?
False
Is 33084298 a multiple of 9?
False
Is 4953 a factor of 1021929922?
False
Is 11 a factor of 6465942?
False
Does 1450 divide 21774650?
True
Does 495 divide 138461035?
False
Is 2810985 even?
False
Is 119321569 a multiple of 1420?
False
Does 11 divide 475013649?
True
Does 16 divide 1207757675?
False
Does 104 divide 44880368?
True
Is 152 a factor of 36283920?
True
Is 821 a factor of 43023343?
False
Is 427 a factor of 26457895?
False
Is 2513 a factor of 116226250?
True
Does 12 divide 1386503400?
True
Does 71 divide 248211172?
True
Is 386934354 a multiple of 787?
False
Is 211 a factor of 1217391297?
True
Is 569540838 a multiple of 48?
False
Is 12 a factor of 159964742?
False
Is 10729616 a multiple of 8?
True
Is 823115136 a multiple of 780?
False
Does 22 divide 28757982?
True
Is 56 a factor of 1647627328?
False
Is 730 a factor of 21044440?
True
Is 51 a factor of 22764615?
True
Does 6677 divide 2806926725?
False
Is 340921570 a multiple of 187?
True
Does 7 divide 1648124621?
False
Is 314 a factor of 225429844?
False
Is 1584808870 a multiple of 567?
False
Is 795 a factor of 41422